 = x**3 + 94*x**2 - 24*x + 145. Let q be c(-94). What is the greatest common factor of q and 392?
49
Let i = -5606 - -6187. What is the greatest common factor of i and 1577?
83
Suppose 2*o = -2*z + 5*z - 634, 5*z = -o + 1048. Let g = z + 78. What is the greatest common factor of g and 9?
9
Suppose 0 = -5*x + 5*b + 31930, 17318 + 8224 = 4*x - 3*b. Calculate the greatest common divisor of 57 and x.
57
Let m = 52 - 50. Let s be (-1 - -8)*3/21*m. Let t be (-2)/(s/(-84)*(-15)/(-10)). Calculate the highest common factor of t and 7.
7
Let h = -55 - -71. Suppose -h = -2*t + 8*c - 4*c, -4*c + 56 = 4*t. Calculate the highest common divisor of t and 444.
12
Suppose 4*i - 4*i = -12*i. Suppose -3*x - c + 4257 = i, -7*c = -x - 2*c + 1435. Calculate the highest common factor of 20 and x.
20
Suppose 0 = -64*n + 191*n - 6180 - 141902. What is the greatest common divisor of 106 and n?
106
Suppose 25027*c - 25015*c - 3600 = 0. What is the greatest common divisor of 960 and c?
60
Suppose -108*s + 113 = -107*s - g, 5*s - 579 = 3*g. Calculate the greatest common divisor of 400 and s.
40
Let m(t) = -219*t + 1. Let h be m(-1). Suppose 3*l = 5*v - 239, -69*l = -4*v - 74*l + 95. Calculate the highest common divisor of h and v.
20
Let a be 235/30 + -8 + 4033/6. What is the highest common divisor of a and 63?
21
Let v be (-14)/(-7) + 4 - (-74 - -65). Let y = 6 + -2. Suppose y*h - 2 = 478. Calculate the greatest common divisor of h and v.
15
Let x be (18/36 - (-82)/(-4))*(-8)/16. Calculate the highest common factor of 1015 and x.
5
Let g be 8/6*(6/4 - 0). Suppose 5*d - l = 0, -g*l = d + 4*d + 15. Let w be (-7 - 1*d)*31/(-93). What is the highest common factor of w and 22?
2
Let o = 117 + -82. Let t be (9520/102)/((-4)/(-6)). Calculate the highest common divisor of t and o.
35
Let j(d) = -2*d**3 + 45*d**2 - 28*d + 268. Let v be j(22). Calculate the greatest common factor of v and 119.
17
Suppose -2*z - 9 = -3*z. Let i(h) = -14 + z - 7*h - h**2 + 7. Let m be i(-5). What is the highest common divisor of m and 12?
12
Suppose -4*z - 3*t + 47372 = 0, 5*z + 0*t - 59220 = -5*t. What is the greatest common divisor of 148 and z?
148
Let n = 2642 + -2636. What is the greatest common divisor of n and 230?
2
Suppose 0 = -0*h + 3*h + 54. Let k = h + 4. Let f(y) = -y**3 - 12*y**2 + 25*y - 19. Let s be f(k). What is the greatest common factor of 184 and s?
23
Suppose 197 = 207*m - 205*m - s, 3 = s. Calculate the greatest common factor of m and 2050.
50
Suppose 5*r + 0*r - 270 = 0. Suppose -t - c = 480, -4*t + 465 = -5*t + 2*c. Let j = 502 + t. Calculate the highest common factor of r and j.
27
Suppose 33*v + 1150 - 12436 = 0. What is the highest common divisor of v and 513?
171
Let g(l) = 3*l - 19. Let k be g(8). Let j(x) = -7 + 4 + 10 + 4 - x. Let v be j(k). Calculate the highest common divisor of v and 18.
6
Let i = 20 + -19. Let v be (-12)/4 - (-5*2 + i). Suppose -v*t + 111 = -3. Calculate the highest common divisor of t and 95.
19
Suppose -11*m + 10*m = -5. Suppose -14*x + 2*y + 284 = -9*x, -2*x - m*y = -102. Calculate the greatest common divisor of x and 14.
14
Let f be 14 + (-2 - (15 - 8)). What is the highest common factor of 765 and f?
5
Let r = 350 + -296. Let j = 5 - -1. Calculate the highest common factor of r and j.
6
Let w = 699 + -694. Suppose w*t = 151 + 1369. What is the highest common factor of 38 and t?
38
Suppose 4*n = 3*b + 669, -185*b = -189*b + 4. Calculate the highest common factor of 36 and n.
12
Suppose 1666*f - 1685*f - 50909 = -377405. Calculate the highest common divisor of 96 and f.
96
Suppose -175 = -n - 4*o, -2*n = 11*o - 8*o - 365. Calculate the greatest common divisor of 459 and n.
17
Let j be (-32)/(-48)*-33*-5. What is the greatest common divisor of j and 320?
10
Let d(j) = 5*j - 16. Let l be d(9). Let r = l + -28. Suppose -10*o = 3*v - 14*o - 61, -4*o - 16 = 0. What is the highest common divisor of r and v?
1
Let v(q) = 9*q + 48. Let s be v(-5). Suppose s*t + 123 = 3*p, 0 = 3*p - 5*t - 33 - 88. Calculate the greatest common divisor of p and 154.
14
Let r(h) be the second derivative of 407*h**5/20 + h**4/12 - h**3/2 + h**2 + 47*h. Let z be r(1). What is the highest common divisor of 11 and z?
11
Let g be (3 + 1)/((-158)/(-3160)). What is the greatest common divisor of 64 and g?
16
Suppose 0 = 2*a - 15 + 103. Let v be 8/a - 1333/(-11). Suppose 4*q = 5*s - v, 5*q + 120 = s + 4*s. Calculate the greatest common divisor of 5 and s.
5
Let t = -468 + 258. Let n = -170 - t. Calculate the highest common divisor of 8 and n.
8
Let m be ((-1500)/(-20) - 15)*(1461/6 + 1). Calculate the greatest common factor of m and 180.
90
Let h(p) = -p**2 - 7*p - 7. Let w be h(-6). Let y(s) = 215*s**2 - s - 3. Let g be y(w). Suppose 17 - g = -4*u. Calculate the highest common divisor of 7 and u.
7
Let w = 47 - 49. Let m be ((-10 - -5) + 3)/w*7. Calculate the highest common factor of m and 1.
1
Let s = 173 - 119. Suppose s + 196 = -5*d. Let u = d - -65. Calculate the highest common factor of 135 and u.
15
Let d be (-23)/6 + 3 - (9485/6)/(-7). What is the highest common divisor of 1800 and d?
225
Suppose v = 4*h + 750, -v + 29*h + 780 = 30*h. Calculate the highest common divisor of v and 36.
18
Suppose 39 = 3*f + 5*k, -78 = -5*f - 4*k - 0*k. Let b(l) = -l**3 + 16*l**2 + 43*l + 18. Let z be b(f). Calculate the greatest common factor of z and 27.
9
Let p(d) = -2*d**3 - 163*d**2 - 80*d + 210. Let b be p(-81). Suppose -h + 72 = -14. Calculate the greatest common factor of b and h.
43
Suppose 2*u + 84 = 4*w, 9*w + 3*u + 6 = 10*w. Let x = 48 + -12. What is the highest common factor of w and x?
12
Let z(c) = -55*c**2 + 2*c - 2. Let b = -59 + 61. Let d be z(b). Let v be (32/18 - 2) + d/(-9). What is the highest common factor of v and 16?
8
Let g(j) = -22*j - 24*j - 10*j + 33*j + 79 + 30*j**2. Let u be g(3). Calculate the highest common factor of u and 8.
8
Let j(x) = 7*x**2 + 2*x - 1. Let v be j(-2). Let k(b) = -24*b + v*b - b**2 - 5 - b**3 + 9. Let z be k(-6). What is the greatest common divisor of 19 and z?
19
Let q be (-9)/((-162)/(-12324))*-4*6/4. What is the greatest common divisor of 1580 and q?
316
Let c(t) = -t**3 - 6*t**2 - 37*t - 1. Let s be c(-9). Let k = 993 - s. Calculate the highest common divisor of 22 and k.
22
Let j(u) = -43*u + 176. Let f be j(4). Suppose 2*r = 2*i + 5*r - 270, -i - f*r + 145 = 0. Calculate the highest common factor of 215 and i.
43
Let z = -16212 + 16242. What is the greatest common factor of 1270 and z?
10
Let g(c) = 4*c**2 - 3*c - 3. Let l be g(-1). Suppose l*f + 0*m - 263 = m, 2*m = 5*f - 328. What is the greatest common factor of f and 264?
66
Let l be ((-58)/4)/((-3)/6). Let f = 239 - 269. Let q be 183/6 - f/(-20). Calculate the highest common factor of q and l.
29
Suppose 54*z + 164*z - 201498 = -40*z. Calculate the greatest common divisor of z and 44.
11
Suppose 5*w = 3*l + 3, -3*w + 5*l - 8 = 3. Suppose s + w*g = -g + 21, -2*s = g - 21. What is the greatest common divisor of 63 and s?
9
Let d = 6 + -5. Let n(k) = -k**2 + 72*k - 619. Let i be n(10). Calculate the highest common divisor of i and d.
1
Suppose 23*h + 940 = 26*h - 4*y, 4*y = h - 324. What is the greatest common divisor of h and 88?
44
Let r(b) = b**3 - 4*b**2 - 18*b + 29. Let v be r(7). Suppose -2*n + 138 = 2*w + v, 4*w - 180 = -3*n. What is the highest common factor of 64 and w?
16
Let m(a) be the second derivative of -a**3/2 + 9*a**2/2 + a + 6. Let j be m(-7). Calculate the highest common divisor of 90 and j.
30
Suppose -5554 = 19*l - 9506. Calculate the greatest common factor of l and 156.
52
Suppose -204*m + 704872 + 683666 = 266742. Calculate the greatest common factor of 351 and m.
117
Let o = -146 - -1685. Calculate the greatest common divisor of o and 81.
81
Let x(t) = -t**3 + 16*t**2 + 5*t + 60. Let g be x(16). Calculate the highest common factor of 805 and g.
35
Let o be -153*(-10)/30 + -7. Calculate the greatest common divisor of 693 and o.
11
Suppose -5*r - 3*t = -10299, 0*r + 10301 = 5*r + 2*t. Suppose 0 = -16*y + r + 2547. What is the greatest common factor of y and 36?
36
Let d = 23 + -11. Suppose 4*r - 3*z - 366 = 0, -1119*r - 2*z = -1114*r - 400. Calculate the greatest common divisor of d and r.
12
Let g(i) = 18*i**2 + 64*i - 14. Let u be g(-4). Calculate the hig